+ 1657. What is the units digit of o?
3
Let s = 33 - 33. Suppose s = -2*h + 6*h - 48. What is the units digit of h?
2
Suppose 12*t = 523 + 1745. What is the units digit of t?
9
Suppose 0 = -u - 3*d + 243, -4*u - 3*d + 6*d + 1002 = 0. Let y = 357 - u. What is the tens digit of y?
0
Let j(r) = 6*r**2 + 4*r - 6. Let p be j(4). Suppose 2*a = 306 - p. What is the units digit of a?
0
Let j = 659 - -531. What is the tens digit of j?
9
Let o = 85 + -18. Let i = -1 + o. What is the tens digit of i?
6
Let w(q) = -12*q**3 - 3*q**2 - 13*q + 9. What is the thousands digit of w(-6)?
2
Let l = -1344 + 2081. What is the hundreds digit of l?
7
Let r = 1205 + -609. What is the units digit of r?
6
Suppose 3 = -t - 4*p, -3*t + 2*t - 3*p = 1. What is the units digit of t - (-4)/(12/237)?
4
Let i(v) = -2*v**3 - 27*v**2 + 2*v - 167. What is the tens digit of i(-19)?
6
Let s(q) = q**2 + 11*q. Let g be s(-11). Suppose p + g*p + 395 = 3*d, 2*p = d - 140. Suppose -3*f + 8*f = d. What is the units digit of f?
6
Let b = 476 + -218. What is the hundreds digit of b?
2
Let u be (-4)/18 - (-100)/45. Suppose -5*h = u*d - 13, 0 = -3*h + 3*d - 0 + 12. Suppose -h*r + 40 = -2*r. What is the units digit of r?
0
Let g(h) = -h. Let b(q) = q. Let v(c) = -2*c. Let i(w) = 3*b(w) + 2*v(w). Let y(d) = g(d) + i(d). What is the units digit of y(-3)?
6
Let v(p) = 7*p**2 - p - 2. Let j(x) = 13*x**2 - x - 3. Let t(h) = -3*j(h) + 5*v(h). Let r be t(-5). What is the units digit of (-2990)/r + 1/7?
3
Let s(o) be the third derivative of o**5/60 + 13*o**3/6 - 6*o**2. Suppose -4*b = -d + 12, -2*d - 5*b + 8*b + 9 = 0. What is the tens digit of s(d)?
1
Let q = -8 - 9. Let z = 24 + q. Let f(a) = 3*a - 2. What is the tens digit of f(z)?
1
Let f = 489 + 1687. What is the units digit of f?
6
What is the hundreds digit of -17 - (7 - 6212) - (-1 - 3)?
1
Suppose f - 25 = 23. Suppose -b + f = 3*b. What is the units digit of b?
2
Suppose 2 = -76*m + 77*m. Let s(n) = 48*n**2 - 2*n + 1. What is the tens digit of s(m)?
8
Suppose 76 = 4*y - 1396. What is the tens digit of y?
6
Let r(y) = -y**2 + 3*y. Let u(d) = -d**2 - 5*d + 11. Let q be u(-6). Let w be r(q). Let c = 13 + w. What is the units digit of c?
3
Let s(f) = -f**3 - f**2 - 2. Let h be s(2). Let d(z) = -z**3 - 15*z**2 - 20*z + 2. What is the units digit of d(h)?
6
Let t = 86 - 29. Suppose x + t = 7. Let o = -33 - x. What is the tens digit of o?
1
Let m be ((-2)/4)/((-2)/44). Let r(h) = h**3 - 12*h**2 + 11*h - 4. Let t be r(m). What is the units digit of t*((-32)/4 + 1)?
8
Let k = -2440 - -4096. What is the units digit of k?
6
Let j be (-83 - 1)/2 + 4. What is the tens digit of -2 + 2 - (j + -5)?
4
Suppose 43 + 286 = -3*r - 5*a, -5*a = -25. Let c be r/(-2)*(22 - 21). Suppose -c + 6 = -j - 4*q, -5*j = 3*q - 316. What is the units digit of j?
5
Suppose 3*g - 5*o = 70, -4*g - o = -0*o - 55. Let s = g + -14. Let j = s + 5. What is the units digit of j?
6
What is the thousands digit of 11 - 13630/(-10 - -5)?
2
What is the tens digit of 5/(70/(-24))*-1974?
8
Suppose 8820 = 4*n - 4*f, -n + 11031 = 4*n - 2*f. What is the tens digit of n?
0
What is the hundreds digit of (-5176)/(-14) + 26/91?
3
Suppose 2*f + 92*p = 89*p + 1132, -5*f = -p - 2847. What is the units digit of f?
9
Let q = -573 + 1414. What is the tens digit of q?
4
Suppose 132 = 4*v - 88. Let n = -440 - -435. What is the units digit of 2/n + 1672/v?
0
Suppose 0 = 3*h + 4*l - 3701, 7*h = 9*h - 2*l - 2444. What is the hundreds digit of h?
2
Let x be 2*(12 + (-1 + -1 - -3)). Let u = x - 1. What is the units digit of u?
5
Let n(i) = -3*i + 25. Let m(x) = -3*x + 24. Let t(c) = 4*m(c) - 5*n(c). What is the tens digit of t(13)?
1
Suppose 3*t - t - 6 = 0. Suppose -v + t*r = -4*v + 201, -5*v + 327 = r. What is the units digit of v?
5
Let n = -416 - -888. What is the hundreds digit of n?
4
Let w(q) = -q**3 + 4*q**2 + 7. Let j be w(4). What is the units digit of 572/j + (-2)/(-56)*8?
2
What is the units digit of (-17451)/(-18) + 12/8?
1
Let k(t) = 26 + 19 - 2*t - 3 + 0. What is the tens digit of k(5)?
3
Suppose 0 = k - 3 - 2. Let m be 150/3 + (-42 - -30). Suppose -2*y - k*t = -110, 0 = -3*y - t + m + 140. What is the tens digit of y?
6
Let j(p) = -p - 8. Let q be j(-4). Let b be (-2154)/(-10) + q/10. Suppose -5*n = -0*n - b. What is the units digit of n?
3
Let g(u) = u**3 + 10*u**2 - u - 12. Let w be g(-10). Let f be (32/24)/(w/18). What is the units digit of -1 + (-4)/(f/9)?
2
Let o(i) = -i**3 + 3*i**2 + 9*i - 12. Let k be o(5). Let c = k - -95. What is the units digit of c?
8
Let d(q) = 3*q**3 - 6*q - 4. Let s be d(-4). What is the units digit of (s/(-10))/(-4*(-2)/20)?
3
Let d(l) = 8*l**2 - 3*l + 8. What is the tens digit of d(8)?
9
Let l be 6/9*(-18)/(-4). Suppose l*y - 1 = g - 5, 5*g + 4*y - 39 = 0. What is the units digit of 3*11 - (-6 + g)?
2
Suppose 69688 = -204*s + 235*s. What is the hundreds digit of s?
2
Let i(x) = x**3 + 10*x**2 + 17*x + 11. Let a be i(-8). What is the tens digit of (1661/33)/(1/a)?
5
Let c(x) = -109*x - 2 - 10 + 115*x. Let y be c(7). Let z = 14 + y. What is the tens digit of z?
4
Let i(q) = -4*q - 10. Let c(t) = 12*t - 5 - 13*t - t**2 + 6. Let a be c(2). What is the units digit of i(a)?
0
Suppose 21 = 6*f - 3*f. Let v = f + -3. What is the tens digit of 26 + (-8)/v - -3?
2
What is the thousands digit of 10*(3755/25 - -7)?
1
What is the tens digit of (4 - 322/(-21))/((-4)/(-6))?
2
What is the tens digit of ((-328)/14)/((-38)/399)?
4
Suppose 4*m - 3*v - 32 = -0*m, 5*m - 17 = -2*v. Suppose s - 273 + 78 = m*k, -175 = 5*k - 5*s. What is the units digit of (48/10)/((-6)/k)?
2
Suppose 14*n - 3081 - 811 = 0. What is the units digit of n?
8
Let b(s) be the second derivative of -s**5/20 + 11*s**4/12 - 2*s**3/3 + 4*s**2 - 12*s. What is the tens digit of b(10)?
6
Let n(r) = r - 80. Let z(m) = 5*m - 398. Let s(a) = -11*n(a) + 2*z(a). What is the tens digit of s(19)?
6
Let f(n) = n**2 - n. Let w(j) = -3*j**2 + 8*j + 1. Let y(q) = 2*f(q) + w(q). Let p(h) = 6*h**2 - 1. Let o be p(-1). What is the units digit of y(o)?
6
Suppose 0 = -2*f - 3*f + 25. Let m(j) = 2*j**2 - 5*j + 4. Let n be m(f). What is the tens digit of (7 - 2) + -3 + n?
3
Let r(x) = -3*x**3 - 12*x**2 + 41*x + 1. What is the thousands digit of r(-11)?
2
Suppose 2*u = -3*u - 5*h + 35, -u + 5*h - 23 = 0. Suppose 3*f - 4*n - 43 = 0, u*f - 20 = 3*n + 7. What is the units digit of f?
1
Let x = -8 - -8. Suppose x = -4*u - 2*j, 2*u - 5*j - 26 = -2. What is the units digit of u*1/(-4)*-46?
3
Suppose -14*i - 2*l = -9*i - 597, -4*i + 496 = -3*l. What is the units digit of i?
1
Suppose 88 = -2*i - 16. Let p = 11 - i. What is the units digit of p?
3
Suppose 10 = -m - 5. Let k be 21/m - 2/(-5). What is the tens digit of (k + 0)/(3/(-33))?
1
What is the hundreds digit of 460/1 + -8 + 1?
4
Suppose 330 = 2*s + z, 3*z = 8 - 20. What is the units digit of s?
7
Suppose -k - k = 2*k. Suppose k = -3*f - 15, -5*p + f + 444 - 69 = 0. What is the tens digit of p?
7
What is the hundreds digit of (-3)/5 - ((-19628)/5 + -2)?
9
Let f be (8/6)/((-1)/9). Let t = -2 + f. What is the units digit of (-4)/t + 1133/77?
5
Let o = 927 + -608. What is the hundreds digit of o?
3
Let y be (3 - 6)/((-7)/((-168)/(-9))). Suppose 0 = o + y*o - 1512. What is the units digit of o?
8
Let c = -5 + -9. Let u = -11 - c. Suppose 0 = u*d - 6, v + 3*d = 5*v - 62. What is the tens digit of v?
1
Suppose -3158 = 23*v - 16843. What is the hundreds digit of v?
5
Let h be 3/((-27)/(-2298)) - (-4)/(-12). Let b = 441 - h. What is the hundreds digit of b?
1
Suppose 65*t + 17710 = 79*t. What is the thousands digit of t?
1
Let s(a) = -31*a + 308. What is the tens digit of s(5)?
5
Let r(k) = 5*k - 7. Let z be r(-7). What is the tens digit of z/3*(-18)/4?
6
Suppose 2*s = -2*r + 1186, 4*r + 5*s - 1249 = 1118. What is the tens digit of r?
9
Let n(w) = -w**2 - 3*w - 2. Suppose -4*d - 6 - 2 = 0. Let g be n(d). Suppose g*a + 24 = 2*a. What is the tens digit of a?
1
Let c = 386 - 164. What is the tens digit of c?
2
Let t = 9018 - 6023. What is the units digit of t?
5
Suppose 4*f = 8*f - 56. Suppose 0 = -f*h + 10*h + 400. What is the hundreds digit of h?
1
Let n(h) be the second derivative of h**5/20 - 5*h**4/12 + 7*h**3/6 - 5*h**2/2 - 22*h. What is the units digit of n(4)?
7
Let h = -457 + 316. Let r = 